{"id":6443,"date":"2026-02-21T21:18:57","date_gmt":"2026-02-21T18:18:57","guid":{"rendered":"http:\/\/localhost\/wordpress\/?page_id=6443"},"modified":"2026-03-27T10:45:04","modified_gmt":"2026-03-27T07:45:04","slug":"5-ders","status":"publish","type":"page","link":"https:\/\/bridgehap.com\/?page_id=6443","title":{"rendered":"5. Ders"},"content":{"rendered":"\n<p class=\"wp-block-paragraph\"><strong>ARAYA G\u0130R\u0130\u015e ( \u00dcste Konu\u015fma &#8211; Overcall )<\/strong><\/p>\n\n\n\n<ul class=\"wp-block-list\">\n<li>Renk i\u0307le \u00a0araya girmek i\u00e7in ;<\/li>\n<\/ul>\n\n\n\n<p class=\"wp-block-paragraph\">&nbsp;&nbsp;&nbsp;&nbsp;&nbsp;&nbsp;&nbsp;&nbsp;&nbsp;&nbsp;&nbsp; 1 li\u0307 sevi\u0307yede konu\u015fmak i\u0307\u00e7i\u0307n &nbsp;&nbsp;&nbsp;8 &nbsp;\/ 16 op ve 5 li\u0307 kart&nbsp; &nbsp;&nbsp;&nbsp;&nbsp;&nbsp;&nbsp;&nbsp;&nbsp;&nbsp;&nbsp;&nbsp;&nbsp;&nbsp;&nbsp;&nbsp;&nbsp;&nbsp;&nbsp;&nbsp;&nbsp;&nbsp;&nbsp;&nbsp;&nbsp;&nbsp;&nbsp;&nbsp;&nbsp;&nbsp;&nbsp;&nbsp;&nbsp;<\/p>\n\n\n\n<p class=\"wp-block-paragraph\">&nbsp;&nbsp;&nbsp;&nbsp;&nbsp;&nbsp;&nbsp;&nbsp;&nbsp;&nbsp;&nbsp; 2 li\u0307 sevi\u0307yede konu\u015fmak i\u0307\u00e7i\u0307n &nbsp;&nbsp;11 \/ 16 op ve 5 li\u0307 kart<\/p>\n\n\n\n<p class=\"wp-block-paragraph\">&nbsp;&nbsp;&nbsp;&nbsp;&nbsp;&nbsp;&nbsp;&nbsp;&nbsp;&nbsp;&nbsp; 3 l\u00fc seviyede konu\u015fmak i\u00e7in&nbsp; 11 \/ &nbsp;&nbsp;6 op ve 6 l\u0131 kart &nbsp;&nbsp;&nbsp;&nbsp;&nbsp;&nbsp;&nbsp;&nbsp;&nbsp;&nbsp;&nbsp;&nbsp;&nbsp;&nbsp;&nbsp;&nbsp;&nbsp;&nbsp;&nbsp;&nbsp;&nbsp;<\/p>\n\n\n\n<ul class=\"wp-block-list\">\n<li>NT i\u0307le araya girmek i\u00e7in;<\/li>\n<\/ul>\n\n\n\n<p class=\"wp-block-paragraph\">&nbsp;&nbsp;&nbsp;&nbsp;&nbsp;&nbsp;&nbsp;&nbsp;&nbsp;&nbsp;&nbsp; 15 \/ 17 op ve dengeli\u0307 el, raki\u0307bi\u0307n rengi\u0307ni\u0307 2 durdurucu on\u00f6r kart olmal\u0131d\u0131r.<\/p>\n\n\n\n<p class=\"wp-block-paragraph\">\u00a0\u00a0\u00a0\u00a0\u00a0\u00a0\u00a0\u00a0\u00a0\u00a0\u00a0 Sanzatu araya giri\u015ften sonra konu\u015fmalar oyun Sanzatu a\u00e7\u0131lm\u0131\u015f gibi devam eder. Stayman ve Jacoby \u00a0transferler ge\u00e7erlidir<\/p>\n\n\n\n<ul class=\"wp-block-list\">\n<li>KONTUR i\u0307le araya girmek i\u00e7in;<\/li>\n<\/ul>\n\n\n\n<p class=\"wp-block-paragraph\">&nbsp;&nbsp;&nbsp;&nbsp;&nbsp;&nbsp;&nbsp;&nbsp;&nbsp;&nbsp;&nbsp; 12 op&nbsp; ve raki\u0307bi\u0307n rengi\u0307 k\u0131sa olmal\u0131d\u0131r. Di\u0307\u011fer kartlar en az 3 kart olmal\u0131d\u0131r.<\/p>\n\n\n\n<p class=\"wp-block-paragraph\">\u00a0\u00a0\u00a0\u00a0\u00a0\u00a0\u00a0\u00a0\u00a0\u00a0 \u00a0Oyun a\u00e7ar puan\u0131n\u0131z var ama deklare edecek renginiz yoksa bunu oyun a\u00e7ana kontur atarak bell edersiniz. Bu kontur Apel konturudur (Take-Out).<\/p>\n\n\n\n<p class=\"wp-block-paragraph\">            Apel konturu atabilmek i\u00e7in konu\u015fulmayan \u00fc\u00e7 renkten orta\u011f\u0131n\u0131za destek olabilecek durumda oyun a\u00e7ar eliniz olmas\u0131 gerekir.<\/p>\n\n\n\n<ul class=\"wp-block-list\">\n<li>Zay\u0131f 2 A\u00e7\u0131\u015flara at\u0131lacak konturlar kesinlikle ceza konturu de\u011fildir. En az oyun a\u00e7\u0131\u015f puan\u0131 g\u00f6sterir ve orta\u011f\u0131ndan konu\u015fmas\u0131n\u0131 ister.<\/li>\n<\/ul>\n\n\n\n<p class=\"wp-block-paragraph\">&nbsp;Ovarcall t\u00fcrleri\u0307<\/p>\n\n\n\n<ol class=\"wp-block-list\">\n<li>1 sevi\u0307yesi\u0307nde renkle overcall :  &#8211; 6-16 OP i\u0307le , &#8211; 12+ dan i\u0307ti\u0307baren renk kali\u0307tesi\u0307ne bak\u0131lmaz, &#8211; 5 li\u0307 renk uygunsa 6 puandan i\u0307ti\u0307baren<\/li>\n\n\n\n<li>2 sevi\u0307yesi\u0307nde si\u00e7ramadan overcall \u00a0(11-17 OP) : &#8211; Kali\u0307teli\u0307 6 l\u0131 renkle, &#8211; Kali\u0307teli\u0307 5 li\u0307 renkle, &#8211; 2 sevi\u0307yesi\u0307nde araya gi\u0307reni\u0307n orta\u011f\u0131 yeni\u0307 renk okumu\u015fsa m\u00fcmk\u00fcn oldu\u011fu kadar susulmaz. Ortak 2 sevi\u0307yesi\u0307nde araya gi\u0307rdi\u0307\u011fi\u0307nde oyunu a\u00e7m\u0131\u015f gi\u0307bi\u0307 d\u00fc\u015f\u00fcn\u00fcr\u00fcz.<\/li>\n\n\n\n<li>S\u0131\u00e7rayarak renkle overcall : \u00a0&#8211; 2 sevi\u0307yesi\u0307nde maj\u00f6r okumak zayif 2 a\u00e7i\u015f gi\u0307bi\u0307di\u0307r, &#8211; 3 sevi\u0307yesi\u0307nde araya si\u00e7rayarak overcall  3 a\u00e7i\u015flari gi\u0307bi\u0307di\u0307r.<\/li>\n<\/ol>\n","protected":false},"excerpt":{"rendered":"<p>ARAYA G\u0130R\u0130\u015e ( \u00dcste Konu\u015fma &#8211; Overcall ) &nbsp;&nbsp;&nbsp;&nbsp;&nbsp;&nbsp;&nbsp;&nbsp;&nbsp;&nbsp;&nbsp; 1 li\u0307 sevi\u0307yede konu\u015fmak i\u0307\u00e7i\u0307n &nbsp;&nbsp;&nbsp;8 &nbsp;\/ 16 op ve 5 li\u0307 kart&nbsp; &nbsp;&nbsp;&nbsp;&nbsp;&nbsp;&nbsp;&nbsp;&nbsp;&nbsp;&nbsp;&nbsp;&nbsp;&nbsp;&nbsp;&nbsp;&nbsp;&nbsp;&nbsp;&nbsp;&nbsp;&nbsp;&nbsp;&nbsp;&nbsp;&nbsp;&nbsp;&nbsp;&nbsp;&nbsp;&nbsp;&nbsp;&nbsp; &nbsp;&nbsp;&nbsp;&nbsp;&nbsp;&nbsp;&nbsp;&nbsp;&nbsp;&nbsp;&nbsp; 2 li\u0307 sevi\u0307yede konu\u015fmak i\u0307\u00e7i\u0307n &nbsp;&nbsp;11 \/ 16 op ve 5 li\u0307 kart &nbsp;&nbsp;&nbsp;&nbsp;&nbsp;&nbsp;&nbsp;&nbsp;&nbsp;&nbsp;&nbsp; 3 l\u00fc seviyede konu\u015fmak i\u00e7in&nbsp; 11 \/ &nbsp;&nbsp;6 op ve 6 l\u0131 kart &nbsp;&nbsp;&nbsp;&nbsp;&nbsp;&nbsp;&nbsp;&nbsp;&nbsp;&nbsp;&nbsp;&nbsp;&nbsp;&nbsp;&nbsp;&nbsp;&nbsp;&nbsp;&nbsp;&nbsp;&nbsp; &nbsp;&nbsp;&nbsp;&nbsp;&nbsp;&nbsp;&nbsp;&nbsp;&nbsp;&nbsp;&nbsp; 15 \/&#8230;<\/p>\n","protected":false},"author":1,"featured_media":0,"parent":0,"menu_order":0,"comment_status":"closed","ping_status":"closed","template":"","meta":{"_crdt_document":"","_themeisle_gutenberg_block_has_review":false,"_kad_post_transparent":"","_kad_post_title":"","_kad_post_layout":"","_kad_post_sidebar_id":"","_kad_post_content_style":"","_kad_post_vertical_padding":"","_kad_post_feature":"","_kad_post_feature_position":"","_kad_post_header":false,"_kad_post_footer":false,"_kad_post_classname":"","footnotes":""},"class_list":["post-6443","page","type-page","status-publish","hentry"],"yoast_head":"<!-- This site is optimized with the Yoast SEO plugin v27.0 - https:\/\/yoast.com\/product\/yoast-seo-wordpress\/ -->\n<title>5. Ders - HAP BR\u0130\u00c7<\/title>\n<meta name=\"robots\" content=\"index, follow, max-snippet:-1, max-image-preview:large, max-video-preview:-1\" \/>\n<link rel=\"canonical\" href=\"https:\/\/bridgehap.com\/?page_id=6443\" \/>\n<meta property=\"og:locale\" content=\"tr_TR\" \/>\n<meta property=\"og:type\" content=\"article\" \/>\n<meta property=\"og:title\" content=\"5. Ders - HAP BR\u0130\u00c7\" \/>\n<meta property=\"og:description\" content=\"ARAYA G\u0130R\u0130\u015e ( \u00dcste Konu\u015fma &#8211; Overcall ) &nbsp;&nbsp;&nbsp;&nbsp;&nbsp;&nbsp;&nbsp;&nbsp;&nbsp;&nbsp;&nbsp; 1 li\u0307 sevi\u0307yede konu\u015fmak i\u0307\u00e7i\u0307n &nbsp;&nbsp;&nbsp;8 &nbsp;\/ 16 op ve 5 li\u0307 kart&nbsp; &nbsp;&nbsp;&nbsp;&nbsp;&nbsp;&nbsp;&nbsp;&nbsp;&nbsp;&nbsp;&nbsp;&nbsp;&nbsp;&nbsp;&nbsp;&nbsp;&nbsp;&nbsp;&nbsp;&nbsp;&nbsp;&nbsp;&nbsp;&nbsp;&nbsp;&nbsp;&nbsp;&nbsp;&nbsp;&nbsp;&nbsp;&nbsp; &nbsp;&nbsp;&nbsp;&nbsp;&nbsp;&nbsp;&nbsp;&nbsp;&nbsp;&nbsp;&nbsp; 2 li\u0307 sevi\u0307yede konu\u015fmak i\u0307\u00e7i\u0307n &nbsp;&nbsp;11 \/ 16 op ve 5 li\u0307 kart &nbsp;&nbsp;&nbsp;&nbsp;&nbsp;&nbsp;&nbsp;&nbsp;&nbsp;&nbsp;&nbsp; 3 l\u00fc seviyede konu\u015fmak i\u00e7in&nbsp; 11 \/ &nbsp;&nbsp;6 op ve 6 l\u0131 kart &nbsp;&nbsp;&nbsp;&nbsp;&nbsp;&nbsp;&nbsp;&nbsp;&nbsp;&nbsp;&nbsp;&nbsp;&nbsp;&nbsp;&nbsp;&nbsp;&nbsp;&nbsp;&nbsp;&nbsp;&nbsp; &nbsp;&nbsp;&nbsp;&nbsp;&nbsp;&nbsp;&nbsp;&nbsp;&nbsp;&nbsp;&nbsp; 15 \/...\" \/>\n<meta property=\"og:url\" content=\"https:\/\/bridgehap.com\/?page_id=6443\" \/>\n<meta property=\"og:site_name\" content=\"HAP BR\u0130\u00c7\" \/>\n<meta property=\"article:modified_time\" content=\"2026-03-27T07:45:04+00:00\" \/>\n<meta name=\"twitter:card\" content=\"summary_large_image\" \/>\n<meta name=\"twitter:label1\" content=\"Tahmini okuma s\u00fcresi\" \/>\n\t<meta name=\"twitter:data1\" content=\"2 dakika\" \/>\n<script type=\"application\/ld+json\" class=\"yoast-schema-graph\">{\"@context\":\"https:\/\/schema.org\",\"@graph\":[{\"@type\":\"WebPage\",\"@id\":\"https:\/\/bridgehap.com\/?page_id=6443\",\"url\":\"https:\/\/bridgehap.com\/?page_id=6443\",\"name\":\"5. Ders - HAP BR\u0130\u00c7\",\"isPartOf\":{\"@id\":\"https:\/\/bridgehap.com\/#website\"},\"datePublished\":\"2026-02-21T18:18:57+00:00\",\"dateModified\":\"2026-03-27T07:45:04+00:00\",\"breadcrumb\":{\"@id\":\"https:\/\/bridgehap.com\/?page_id=6443#breadcrumb\"},\"inLanguage\":\"tr\",\"potentialAction\":[{\"@type\":\"ReadAction\",\"target\":[\"https:\/\/bridgehap.com\/?page_id=6443\"]}]},{\"@type\":\"BreadcrumbList\",\"@id\":\"https:\/\/bridgehap.com\/?page_id=6443#breadcrumb\",\"itemListElement\":[{\"@type\":\"ListItem\",\"position\":1,\"name\":\"Anasayfa\",\"item\":\"https:\/\/bridgehap.com\/\"},{\"@type\":\"ListItem\",\"position\":2,\"name\":\"5. Ders\"}]},{\"@type\":\"WebSite\",\"@id\":\"https:\/\/bridgehap.com\/#website\",\"url\":\"https:\/\/bridgehap.com\/\",\"name\":\"HAP BR\u0130\u00c7\",\"description\":\"\",\"publisher\":{\"@id\":\"https:\/\/bridgehap.com\/#organization\"},\"potentialAction\":[{\"@type\":\"SearchAction\",\"target\":{\"@type\":\"EntryPoint\",\"urlTemplate\":\"https:\/\/bridgehap.com\/?s={search_term_string}\"},\"query-input\":{\"@type\":\"PropertyValueSpecification\",\"valueRequired\":true,\"valueName\":\"search_term_string\"}}],\"inLanguage\":\"tr\"},{\"@type\":\"Organization\",\"@id\":\"https:\/\/bridgehap.com\/#organization\",\"name\":\"HAP BR\u0130\u00c7\",\"url\":\"https:\/\/bridgehap.com\/\",\"logo\":{\"@type\":\"ImageObject\",\"inLanguage\":\"tr\",\"@id\":\"https:\/\/bridgehap.com\/#\/schema\/logo\/image\/\",\"url\":\"https:\/\/bridgehap.com\/wp-content\/uploads\/2026\/02\/cropped-6-1-1.jpg\",\"contentUrl\":\"https:\/\/bridgehap.com\/wp-content\/uploads\/2026\/02\/cropped-6-1-1.jpg\",\"width\":67,\"height\":58,\"caption\":\"HAP BR\u0130\u00c7\"},\"image\":{\"@id\":\"https:\/\/bridgehap.com\/#\/schema\/logo\/image\/\"}}]}<\/script>\n<!-- \/ Yoast SEO plugin. -->","yoast_head_json":{"title":"5. Ders - HAP BR\u0130\u00c7","robots":{"index":"index","follow":"follow","max-snippet":"max-snippet:-1","max-image-preview":"max-image-preview:large","max-video-preview":"max-video-preview:-1"},"canonical":"https:\/\/bridgehap.com\/?page_id=6443","og_locale":"tr_TR","og_type":"article","og_title":"5. Ders - HAP BR\u0130\u00c7","og_description":"ARAYA G\u0130R\u0130\u015e ( \u00dcste Konu\u015fma &#8211; Overcall ) &nbsp;&nbsp;&nbsp;&nbsp;&nbsp;&nbsp;&nbsp;&nbsp;&nbsp;&nbsp;&nbsp; 1 li\u0307 sevi\u0307yede konu\u015fmak i\u0307\u00e7i\u0307n &nbsp;&nbsp;&nbsp;8 &nbsp;\/ 16 op ve 5 li\u0307 kart&nbsp; &nbsp;&nbsp;&nbsp;&nbsp;&nbsp;&nbsp;&nbsp;&nbsp;&nbsp;&nbsp;&nbsp;&nbsp;&nbsp;&nbsp;&nbsp;&nbsp;&nbsp;&nbsp;&nbsp;&nbsp;&nbsp;&nbsp;&nbsp;&nbsp;&nbsp;&nbsp;&nbsp;&nbsp;&nbsp;&nbsp;&nbsp;&nbsp; &nbsp;&nbsp;&nbsp;&nbsp;&nbsp;&nbsp;&nbsp;&nbsp;&nbsp;&nbsp;&nbsp; 2 li\u0307 sevi\u0307yede konu\u015fmak i\u0307\u00e7i\u0307n &nbsp;&nbsp;11 \/ 16 op ve 5 li\u0307 kart &nbsp;&nbsp;&nbsp;&nbsp;&nbsp;&nbsp;&nbsp;&nbsp;&nbsp;&nbsp;&nbsp; 3 l\u00fc seviyede konu\u015fmak i\u00e7in&nbsp; 11 \/ &nbsp;&nbsp;6 op ve 6 l\u0131 kart &nbsp;&nbsp;&nbsp;&nbsp;&nbsp;&nbsp;&nbsp;&nbsp;&nbsp;&nbsp;&nbsp;&nbsp;&nbsp;&nbsp;&nbsp;&nbsp;&nbsp;&nbsp;&nbsp;&nbsp;&nbsp; &nbsp;&nbsp;&nbsp;&nbsp;&nbsp;&nbsp;&nbsp;&nbsp;&nbsp;&nbsp;&nbsp; 15 \/...","og_url":"https:\/\/bridgehap.com\/?page_id=6443","og_site_name":"HAP BR\u0130\u00c7","article_modified_time":"2026-03-27T07:45:04+00:00","twitter_card":"summary_large_image","twitter_misc":{"Tahmini okuma s\u00fcresi":"2 dakika"},"schema":{"@context":"https:\/\/schema.org","@graph":[{"@type":"WebPage","@id":"https:\/\/bridgehap.com\/?page_id=6443","url":"https:\/\/bridgehap.com\/?page_id=6443","name":"5. Ders - HAP BR\u0130\u00c7","isPartOf":{"@id":"https:\/\/bridgehap.com\/#website"},"datePublished":"2026-02-21T18:18:57+00:00","dateModified":"2026-03-27T07:45:04+00:00","breadcrumb":{"@id":"https:\/\/bridgehap.com\/?page_id=6443#breadcrumb"},"inLanguage":"tr","potentialAction":[{"@type":"ReadAction","target":["https:\/\/bridgehap.com\/?page_id=6443"]}]},{"@type":"BreadcrumbList","@id":"https:\/\/bridgehap.com\/?page_id=6443#breadcrumb","itemListElement":[{"@type":"ListItem","position":1,"name":"Anasayfa","item":"https:\/\/bridgehap.com\/"},{"@type":"ListItem","position":2,"name":"5. Ders"}]},{"@type":"WebSite","@id":"https:\/\/bridgehap.com\/#website","url":"https:\/\/bridgehap.com\/","name":"HAP BR\u0130\u00c7","description":"","publisher":{"@id":"https:\/\/bridgehap.com\/#organization"},"potentialAction":[{"@type":"SearchAction","target":{"@type":"EntryPoint","urlTemplate":"https:\/\/bridgehap.com\/?s={search_term_string}"},"query-input":{"@type":"PropertyValueSpecification","valueRequired":true,"valueName":"search_term_string"}}],"inLanguage":"tr"},{"@type":"Organization","@id":"https:\/\/bridgehap.com\/#organization","name":"HAP BR\u0130\u00c7","url":"https:\/\/bridgehap.com\/","logo":{"@type":"ImageObject","inLanguage":"tr","@id":"https:\/\/bridgehap.com\/#\/schema\/logo\/image\/","url":"https:\/\/bridgehap.com\/wp-content\/uploads\/2026\/02\/cropped-6-1-1.jpg","contentUrl":"https:\/\/bridgehap.com\/wp-content\/uploads\/2026\/02\/cropped-6-1-1.jpg","width":67,"height":58,"caption":"HAP BR\u0130\u00c7"},"image":{"@id":"https:\/\/bridgehap.com\/#\/schema\/logo\/image\/"}}]}},"_links":{"self":[{"href":"https:\/\/bridgehap.com\/index.php?rest_route=\/wp\/v2\/pages\/6443","targetHints":{"allow":["GET"]}}],"collection":[{"href":"https:\/\/bridgehap.com\/index.php?rest_route=\/wp\/v2\/pages"}],"about":[{"href":"https:\/\/bridgehap.com\/index.php?rest_route=\/wp\/v2\/types\/page"}],"author":[{"embeddable":true,"href":"https:\/\/bridgehap.com\/index.php?rest_route=\/wp\/v2\/users\/1"}],"replies":[{"embeddable":true,"href":"https:\/\/bridgehap.com\/index.php?rest_route=%2Fwp%2Fv2%2Fcomments&post=6443"}],"version-history":[{"count":4,"href":"https:\/\/bridgehap.com\/index.php?rest_route=\/wp\/v2\/pages\/6443\/revisions"}],"predecessor-version":[{"id":6946,"href":"https:\/\/bridgehap.com\/index.php?rest_route=\/wp\/v2\/pages\/6443\/revisions\/6946"}],"wp:attachment":[{"href":"https:\/\/bridgehap.com\/index.php?rest_route=%2Fwp%2Fv2%2Fmedia&parent=6443"}],"curies":[{"name":"wp","href":"https:\/\/api.w.org\/{rel}","templated":true}]}}