{"id":6837,"date":"2026-03-14T22:43:37","date_gmt":"2026-03-14T19:43:37","guid":{"rendered":"http:\/\/localhost\/wordpress\/?page_id=6837"},"modified":"2026-03-14T22:43:41","modified_gmt":"2026-03-14T19:43:41","slug":"stayman-konvansiyonu-2","status":"publish","type":"page","link":"https:\/\/bridgehap.com\/?page_id=6837","title":{"rendered":"Stayman Konvansiyonu"},"content":{"rendered":"\n<ul class=\"wp-block-list\">\n<li>1 NT oyun a\u00e7\u0131l\u0131\u015f\u0131nda, maj\u00f6r F\u0130T bulmak i\u00e7in\u00a0 2 TREFL ile yap\u0131l\u0131r. <\/li>\n\n\n\n<li>A\u00e7an 1 NT a\u00e7t\u0131\u011f\u0131 ve\u00a0Rakip araya girmedi\u011fi zaman\u00a0verilecek cevap i\u00e7in belirlenen bir konvansiyondur. <\/li>\n\n\n\n<li>E\u011fer elinizde en az\u00a0 8 HCP ve bir\u00a0Maj\u00f6r\u2018den 4 adet var ise 2\u00a0TREFL \u00a0diyerek elinizi anlat\u0131rs\u0131n\u0131z. A\u00e7an kendi eline bakar elinde 4\u2019l\u00fc maj\u00f6r hangisi ise onu s\u00f6yler. ( 2\u00a0<strong>K\u00d6R<\/strong>veya 2\u00a0P\u0130K\u00a0der) A\u00e7an da 4\u2019l\u00fc maj\u00f6r yoksa 2\u00a0KARO \u00a0der.<\/li>\n\n\n\n<li>Bu konvansiyonun kullan\u0131lma amac\u0131 4-4 koz bulmak ve g\u00fc\u00e7l\u00fc olan elin yere a\u00e7\u0131lmas\u0131n\u0131 engellemektir. <\/li>\n\n\n\n<li>Cevap\u00e7\u0131da 4\u2019l\u00fc maj\u00f6r ve 5\u2019li Min\u00f6r varsa, 7 HCP ile Stayman yapabilir. <\/li>\n\n\n\n<li>Cevap\u00e7\u0131da ki da\u011f\u0131l\u0131m 4-3-3-3 ise, 12-14 HCP ile 4\u2019l\u00fc maj\u00f6r olmas\u0131na ra\u011fmen, Stayman yapmay\u0131p direk 3 NT der. Staymanda koz tutu\u015fu bulununca di\u011fer maj\u00f6r anlat\u0131lmaya \u00e7al\u0131\u015f\u0131lmaz.<\/li>\n<\/ul>\n\n\n\n<figure class=\"wp-block-image size-full is-resized\"><img fetchpriority=\"high\" decoding=\"async\" width=\"780\" height=\"688\" src=\"http:\/\/localhost\/wordpress\/wp-content\/uploads\/2026\/03\/Stayman_ornek_1-1.jpg\" alt=\"\" class=\"wp-image-6838\" style=\"width:704px;height:auto\" srcset=\"https:\/\/bridgehap.com\/wp-content\/uploads\/2026\/03\/Stayman_ornek_1-1.jpg 780w, https:\/\/bridgehap.com\/wp-content\/uploads\/2026\/03\/Stayman_ornek_1-1-300x265.jpg 300w, https:\/\/bridgehap.com\/wp-content\/uploads\/2026\/03\/Stayman_ornek_1-1-768x677.jpg 768w\" sizes=\"(max-width: 780px) 100vw, 780px\" \/><\/figure>\n\n\n\n<figure class=\"wp-block-image size-full is-resized\"><img decoding=\"async\" width=\"711\" height=\"749\" src=\"http:\/\/localhost\/wordpress\/wp-content\/uploads\/2026\/03\/Stayman_ornek_2-1.jpg\" alt=\"\" class=\"wp-image-6839\" style=\"width:719px;height:auto\" srcset=\"https:\/\/bridgehap.com\/wp-content\/uploads\/2026\/03\/Stayman_ornek_2-1.jpg 711w, https:\/\/bridgehap.com\/wp-content\/uploads\/2026\/03\/Stayman_ornek_2-1-285x300.jpg 285w\" sizes=\"(max-width: 711px) 100vw, 711px\" \/><\/figure>\n","protected":false},"excerpt":{"rendered":"","protected":false},"author":1,"featured_media":0,"parent":0,"menu_order":0,"comment_status":"closed","ping_status":"closed","template":"","meta":{"_crdt_document":"","_themeisle_gutenberg_block_has_review":false,"_kad_post_transparent":"","_kad_post_title":"","_kad_post_layout":"","_kad_post_sidebar_id":"","_kad_post_content_style":"","_kad_post_vertical_padding":"","_kad_post_feature":"","_kad_post_feature_position":"","_kad_post_header":false,"_kad_post_footer":false,"_kad_post_classname":"","footnotes":""},"class_list":["post-6837","page","type-page","status-publish","hentry"],"yoast_head":"<!-- This site is optimized with the Yoast SEO plugin v27.0 - https:\/\/yoast.com\/product\/yoast-seo-wordpress\/ -->\n<title>Stayman Konvansiyonu - HAP BR\u0130\u00c7<\/title>\n<meta name=\"robots\" content=\"index, follow, max-snippet:-1, max-image-preview:large, max-video-preview:-1\" \/>\n<link rel=\"canonical\" href=\"https:\/\/bridgehap.com\/?page_id=6837\" \/>\n<meta property=\"og:locale\" content=\"tr_TR\" \/>\n<meta property=\"og:type\" content=\"article\" \/>\n<meta property=\"og:title\" content=\"Stayman Konvansiyonu - HAP BR\u0130\u00c7\" \/>\n<meta property=\"og:url\" content=\"https:\/\/bridgehap.com\/?page_id=6837\" \/>\n<meta property=\"og:site_name\" content=\"HAP BR\u0130\u00c7\" \/>\n<meta property=\"article:modified_time\" content=\"2026-03-14T19:43:41+00:00\" \/>\n<meta property=\"og:image\" content=\"http:\/\/localhost\/wordpress\/wp-content\/uploads\/2026\/03\/Stayman_ornek_1-1.jpg\" \/>\n<meta name=\"twitter:card\" content=\"summary_large_image\" \/>\n<meta name=\"twitter:label1\" content=\"Tahmini okuma s\u00fcresi\" \/>\n\t<meta name=\"twitter:data1\" content=\"2 dakika\" \/>\n<script type=\"application\/ld+json\" class=\"yoast-schema-graph\">{\"@context\":\"https:\/\/schema.org\",\"@graph\":[{\"@type\":\"WebPage\",\"@id\":\"https:\/\/bridgehap.com\/?page_id=6837\",\"url\":\"https:\/\/bridgehap.com\/?page_id=6837\",\"name\":\"Stayman Konvansiyonu - HAP BR\u0130\u00c7\",\"isPartOf\":{\"@id\":\"https:\/\/bridgehap.com\/#website\"},\"primaryImageOfPage\":{\"@id\":\"https:\/\/bridgehap.com\/?page_id=6837#primaryimage\"},\"image\":{\"@id\":\"https:\/\/bridgehap.com\/?page_id=6837#primaryimage\"},\"thumbnailUrl\":\"http:\/\/localhost\/wordpress\/wp-content\/uploads\/2026\/03\/Stayman_ornek_1-1.jpg\",\"datePublished\":\"2026-03-14T19:43:37+00:00\",\"dateModified\":\"2026-03-14T19:43:41+00:00\",\"breadcrumb\":{\"@id\":\"https:\/\/bridgehap.com\/?page_id=6837#breadcrumb\"},\"inLanguage\":\"tr\",\"potentialAction\":[{\"@type\":\"ReadAction\",\"target\":[\"https:\/\/bridgehap.com\/?page_id=6837\"]}]},{\"@type\":\"ImageObject\",\"inLanguage\":\"tr\",\"@id\":\"https:\/\/bridgehap.com\/?page_id=6837#primaryimage\",\"url\":\"http:\/\/localhost\/wordpress\/wp-content\/uploads\/2026\/03\/Stayman_ornek_1-1.jpg\",\"contentUrl\":\"http:\/\/localhost\/wordpress\/wp-content\/uploads\/2026\/03\/Stayman_ornek_1-1.jpg\"},{\"@type\":\"BreadcrumbList\",\"@id\":\"https:\/\/bridgehap.com\/?page_id=6837#breadcrumb\",\"itemListElement\":[{\"@type\":\"ListItem\",\"position\":1,\"name\":\"Anasayfa\",\"item\":\"https:\/\/bridgehap.com\/\"},{\"@type\":\"ListItem\",\"position\":2,\"name\":\"Stayman Konvansiyonu\"}]},{\"@type\":\"WebSite\",\"@id\":\"https:\/\/bridgehap.com\/#website\",\"url\":\"https:\/\/bridgehap.com\/\",\"name\":\"HAP BR\u0130\u00c7\",\"description\":\"\",\"publisher\":{\"@id\":\"https:\/\/bridgehap.com\/#organization\"},\"potentialAction\":[{\"@type\":\"SearchAction\",\"target\":{\"@type\":\"EntryPoint\",\"urlTemplate\":\"https:\/\/bridgehap.com\/?s={search_term_string}\"},\"query-input\":{\"@type\":\"PropertyValueSpecification\",\"valueRequired\":true,\"valueName\":\"search_term_string\"}}],\"inLanguage\":\"tr\"},{\"@type\":\"Organization\",\"@id\":\"https:\/\/bridgehap.com\/#organization\",\"name\":\"HAP BR\u0130\u00c7\",\"url\":\"https:\/\/bridgehap.com\/\",\"logo\":{\"@type\":\"ImageObject\",\"inLanguage\":\"tr\",\"@id\":\"https:\/\/bridgehap.com\/#\/schema\/logo\/image\/\",\"url\":\"https:\/\/bridgehap.com\/wp-content\/uploads\/2026\/02\/cropped-6-1-1.jpg\",\"contentUrl\":\"https:\/\/bridgehap.com\/wp-content\/uploads\/2026\/02\/cropped-6-1-1.jpg\",\"width\":67,\"height\":58,\"caption\":\"HAP BR\u0130\u00c7\"},\"image\":{\"@id\":\"https:\/\/bridgehap.com\/#\/schema\/logo\/image\/\"}}]}<\/script>\n<!-- \/ Yoast SEO plugin. -->","yoast_head_json":{"title":"Stayman Konvansiyonu - HAP BR\u0130\u00c7","robots":{"index":"index","follow":"follow","max-snippet":"max-snippet:-1","max-image-preview":"max-image-preview:large","max-video-preview":"max-video-preview:-1"},"canonical":"https:\/\/bridgehap.com\/?page_id=6837","og_locale":"tr_TR","og_type":"article","og_title":"Stayman Konvansiyonu - HAP BR\u0130\u00c7","og_url":"https:\/\/bridgehap.com\/?page_id=6837","og_site_name":"HAP BR\u0130\u00c7","article_modified_time":"2026-03-14T19:43:41+00:00","og_image":[{"url":"http:\/\/localhost\/wordpress\/wp-content\/uploads\/2026\/03\/Stayman_ornek_1-1.jpg","type":"","width":"","height":""}],"twitter_card":"summary_large_image","twitter_misc":{"Tahmini okuma s\u00fcresi":"2 dakika"},"schema":{"@context":"https:\/\/schema.org","@graph":[{"@type":"WebPage","@id":"https:\/\/bridgehap.com\/?page_id=6837","url":"https:\/\/bridgehap.com\/?page_id=6837","name":"Stayman Konvansiyonu - HAP BR\u0130\u00c7","isPartOf":{"@id":"https:\/\/bridgehap.com\/#website"},"primaryImageOfPage":{"@id":"https:\/\/bridgehap.com\/?page_id=6837#primaryimage"},"image":{"@id":"https:\/\/bridgehap.com\/?page_id=6837#primaryimage"},"thumbnailUrl":"http:\/\/localhost\/wordpress\/wp-content\/uploads\/2026\/03\/Stayman_ornek_1-1.jpg","datePublished":"2026-03-14T19:43:37+00:00","dateModified":"2026-03-14T19:43:41+00:00","breadcrumb":{"@id":"https:\/\/bridgehap.com\/?page_id=6837#breadcrumb"},"inLanguage":"tr","potentialAction":[{"@type":"ReadAction","target":["https:\/\/bridgehap.com\/?page_id=6837"]}]},{"@type":"ImageObject","inLanguage":"tr","@id":"https:\/\/bridgehap.com\/?page_id=6837#primaryimage","url":"http:\/\/localhost\/wordpress\/wp-content\/uploads\/2026\/03\/Stayman_ornek_1-1.jpg","contentUrl":"http:\/\/localhost\/wordpress\/wp-content\/uploads\/2026\/03\/Stayman_ornek_1-1.jpg"},{"@type":"BreadcrumbList","@id":"https:\/\/bridgehap.com\/?page_id=6837#breadcrumb","itemListElement":[{"@type":"ListItem","position":1,"name":"Anasayfa","item":"https:\/\/bridgehap.com\/"},{"@type":"ListItem","position":2,"name":"Stayman Konvansiyonu"}]},{"@type":"WebSite","@id":"https:\/\/bridgehap.com\/#website","url":"https:\/\/bridgehap.com\/","name":"HAP BR\u0130\u00c7","description":"","publisher":{"@id":"https:\/\/bridgehap.com\/#organization"},"potentialAction":[{"@type":"SearchAction","target":{"@type":"EntryPoint","urlTemplate":"https:\/\/bridgehap.com\/?s={search_term_string}"},"query-input":{"@type":"PropertyValueSpecification","valueRequired":true,"valueName":"search_term_string"}}],"inLanguage":"tr"},{"@type":"Organization","@id":"https:\/\/bridgehap.com\/#organization","name":"HAP BR\u0130\u00c7","url":"https:\/\/bridgehap.com\/","logo":{"@type":"ImageObject","inLanguage":"tr","@id":"https:\/\/bridgehap.com\/#\/schema\/logo\/image\/","url":"https:\/\/bridgehap.com\/wp-content\/uploads\/2026\/02\/cropped-6-1-1.jpg","contentUrl":"https:\/\/bridgehap.com\/wp-content\/uploads\/2026\/02\/cropped-6-1-1.jpg","width":67,"height":58,"caption":"HAP BR\u0130\u00c7"},"image":{"@id":"https:\/\/bridgehap.com\/#\/schema\/logo\/image\/"}}]}},"_links":{"self":[{"href":"https:\/\/bridgehap.com\/index.php?rest_route=\/wp\/v2\/pages\/6837","targetHints":{"allow":["GET"]}}],"collection":[{"href":"https:\/\/bridgehap.com\/index.php?rest_route=\/wp\/v2\/pages"}],"about":[{"href":"https:\/\/bridgehap.com\/index.php?rest_route=\/wp\/v2\/types\/page"}],"author":[{"embeddable":true,"href":"https:\/\/bridgehap.com\/index.php?rest_route=\/wp\/v2\/users\/1"}],"replies":[{"embeddable":true,"href":"https:\/\/bridgehap.com\/index.php?rest_route=%2Fwp%2Fv2%2Fcomments&post=6837"}],"version-history":[{"count":1,"href":"https:\/\/bridgehap.com\/index.php?rest_route=\/wp\/v2\/pages\/6837\/revisions"}],"predecessor-version":[{"id":6840,"href":"https:\/\/bridgehap.com\/index.php?rest_route=\/wp\/v2\/pages\/6837\/revisions\/6840"}],"wp:attachment":[{"href":"https:\/\/bridgehap.com\/index.php?rest_route=%2Fwp%2Fv2%2Fmedia&parent=6837"}],"curies":[{"name":"wp","href":"https:\/\/api.w.org\/{rel}","templated":true}]}}